{"id":7969,"date":"2026-04-23T01:17:30","date_gmt":"2026-04-22T22:17:30","guid":{"rendered":"https:\/\/www.ernaetiket.com.tr\/?page_id=7969"},"modified":"2026-04-24T01:39:34","modified_gmt":"2026-04-23T22:39:34","slug":"uretim","status":"publish","type":"page","link":"https:\/\/www.ernaetiket.com.tr\/?page_id=7969","title":{"rendered":"\u00dcretim"},"content":{"rendered":"\t\t<div data-elementor-type=\"wp-page\" data-elementor-id=\"7969\" class=\"elementor elementor-7969\">\n\t\t\t\t<div class=\"elementor-element elementor-element-20949a1e e-flex e-con-boxed e-con e-parent\" data-id=\"20949a1e\" data-element_type=\"container\" data-e-type=\"container\">\n\t\t\t\t\t<div class=\"e-con-inner\">\n\t\t\t\t<div class=\"elementor-element elementor-element-5b74a6ba elementor-widget elementor-widget-text-editor\" data-id=\"5b74a6ba\" data-element_type=\"widget\" data-e-type=\"widget\" data-widget_type=\"text-editor.default\">\n\t\t\t\t\t\t\t\t\t\n<p>D\u00fcnyan\u0131n lider \u00fcreticilerinden temin etti\u011fimiz <strong>wax, wax resin ve resin ribon jumbolar\u0131n\u0131<\/strong>, son teknoloji \u00fcretim hatlar\u0131m\u0131zda hassas kesim s\u00fcre\u00e7lerinden ge\u00e7irerek, talep edilen \u00f6l\u00e7\u00fc ve kalite standartlar\u0131nda haz\u0131rl\u0131yor; g\u00fcvenilir, s\u00fcrd\u00fcr\u00fclebilir ve y\u00fcksek performansl\u0131 \u00e7\u00f6z\u00fcmler olarak m\u00fc\u015fterilerimize sunuyoruz.<\/p>\n\t\t\t\t\t\t\t\t<\/div>\n\t\t\t\t\t<\/div>\n\t\t\t\t<\/div>\n\t\t<div class=\"elementor-element elementor-element-3751153 e-flex e-con-boxed e-con e-parent\" data-id=\"3751153\" data-element_type=\"container\" data-e-type=\"container\">\n\t\t\t\t\t<div class=\"e-con-inner\">\n\t\t\t\t<div class=\"elementor-element elementor-element-79419b2 elementor-widget elementor-widget-image-gallery\" data-id=\"79419b2\" data-element_type=\"widget\" data-e-type=\"widget\" data-widget_type=\"image-gallery.default\">\n\t\t\t\t\t\t\t<div class=\"elementor-image-gallery\">\n\t\t\t\n\t\t<style type=\"text\/css\">\n\t\t\t#gallery-1 {\n\t\t\t\tmargin: auto;\n\t\t\t}\n\t\t\t#gallery-1 .gallery-item {\n\t\t\t\tfloat: left;\n\t\t\t\tmargin-top: 10px;\n\t\t\t\ttext-align: center;\n\t\t\t\twidth: 33%;\n\t\t\t}\n\t\t\t#gallery-1 img {\n\t\t\t\tborder: 2px solid #cfcfcf;\n\t\t\t}\n\t\t\t#gallery-1 .gallery-caption {\n\t\t\t\tmargin-left: 0;\n\t\t\t}\n\t\t\t\/* see gallery_shortcode() in wp-includes\/media.php *\/\n\t\t<\/style>\n\t\t<div id='gallery-1' class='gallery galleryid-7969 gallery-columns-3 gallery-size-enginery_blog'><dl class='gallery-item'>\n\t\t\t<dt class='gallery-icon landscape'>\n\t\t\t\t<a data-elementor-open-lightbox=\"yes\" data-elementor-lightbox-slideshow=\"79419b2\" data-e-action-hash=\"#elementor-action%3Aaction%3Dlightbox%26settings%3DeyJpZCI6Nzk4NSwidXJsIjoiaHR0cHM6XC9cL3d3dy5lcm5hZXRpa2V0LmNvbS50clwvd3AtY29udGVudFwvdXBsb2Fkc1wvMjAyNlwvMDRcL3VyZXRpbTEuanBnIiwic2xpZGVzaG93IjoiNzk0MTliMiJ9\" href='https:\/\/www.ernaetiket.com.tr\/wp-content\/uploads\/2026\/04\/uretim1.jpg'><img fetchpriority=\"high\" decoding=\"async\" width=\"499\" height=\"350\" src=\"https:\/\/www.ernaetiket.com.tr\/wp-content\/uploads\/2026\/04\/uretim1-499x350.jpg\" class=\"attachment-enginery_blog size-enginery_blog\" alt=\"\" \/><\/a>\n\t\t\t<\/dt><\/dl><dl class='gallery-item'>\n\t\t\t<dt class='gallery-icon landscape'>\n\t\t\t\t<a data-elementor-open-lightbox=\"yes\" data-elementor-lightbox-slideshow=\"79419b2\" data-e-action-hash=\"#elementor-action%3Aaction%3Dlightbox%26settings%3DeyJpZCI6Nzk4NiwidXJsIjoiaHR0cHM6XC9cL3d3dy5lcm5hZXRpa2V0LmNvbS50clwvd3AtY29udGVudFwvdXBsb2Fkc1wvMjAyNlwvMDRcL3VyZXRpbTIuanBnIiwic2xpZGVzaG93IjoiNzk0MTliMiJ9\" href='https:\/\/www.ernaetiket.com.tr\/wp-content\/uploads\/2026\/04\/uretim2.jpg'><img decoding=\"async\" width=\"499\" height=\"350\" src=\"https:\/\/www.ernaetiket.com.tr\/wp-content\/uploads\/2026\/04\/uretim2-499x350.jpg\" class=\"attachment-enginery_blog size-enginery_blog\" alt=\"\" \/><\/a>\n\t\t\t<\/dt><\/dl><dl class='gallery-item'>\n\t\t\t<dt class='gallery-icon landscape'>\n\t\t\t\t<a data-elementor-open-lightbox=\"yes\" data-elementor-lightbox-slideshow=\"79419b2\" data-e-action-hash=\"#elementor-action%3Aaction%3Dlightbox%26settings%3DeyJpZCI6Nzk4NywidXJsIjoiaHR0cHM6XC9cL3d3dy5lcm5hZXRpa2V0LmNvbS50clwvd3AtY29udGVudFwvdXBsb2Fkc1wvMjAyNlwvMDRcL3VyZXRpbTMuanBnIiwic2xpZGVzaG93IjoiNzk0MTliMiJ9\" href='https:\/\/www.ernaetiket.com.tr\/wp-content\/uploads\/2026\/04\/uretim3.jpg'><img decoding=\"async\" width=\"499\" height=\"350\" src=\"https:\/\/www.ernaetiket.com.tr\/wp-content\/uploads\/2026\/04\/uretim3-499x350.jpg\" class=\"attachment-enginery_blog size-enginery_blog\" alt=\"\" \/><\/a>\n\t\t\t<\/dt><\/dl><br style=\"clear: both\" \/><dl class='gallery-item'>\n\t\t\t<dt class='gallery-icon landscape'>\n\t\t\t\t<a data-elementor-open-lightbox=\"yes\" data-elementor-lightbox-slideshow=\"79419b2\" data-e-action-hash=\"#elementor-action%3Aaction%3Dlightbox%26settings%3DeyJpZCI6Nzk4OCwidXJsIjoiaHR0cHM6XC9cL3d3dy5lcm5hZXRpa2V0LmNvbS50clwvd3AtY29udGVudFwvdXBsb2Fkc1wvMjAyNlwvMDRcL3VyZXRpbTQuanBnIiwic2xpZGVzaG93IjoiNzk0MTliMiJ9\" href='https:\/\/www.ernaetiket.com.tr\/wp-content\/uploads\/2026\/04\/uretim4.jpg'><img loading=\"lazy\" decoding=\"async\" width=\"499\" height=\"350\" src=\"https:\/\/www.ernaetiket.com.tr\/wp-content\/uploads\/2026\/04\/uretim4-499x350.jpg\" class=\"attachment-enginery_blog size-enginery_blog\" alt=\"\" \/><\/a>\n\t\t\t<\/dt><\/dl><dl class='gallery-item'>\n\t\t\t<dt class='gallery-icon landscape'>\n\t\t\t\t<a data-elementor-open-lightbox=\"yes\" data-elementor-lightbox-slideshow=\"79419b2\" data-e-action-hash=\"#elementor-action%3Aaction%3Dlightbox%26settings%3DeyJpZCI6Nzk4OSwidXJsIjoiaHR0cHM6XC9cL3d3dy5lcm5hZXRpa2V0LmNvbS50clwvd3AtY29udGVudFwvdXBsb2Fkc1wvMjAyNlwvMDRcL3VyZXRpbTUuanBnIiwic2xpZGVzaG93IjoiNzk0MTliMiJ9\" href='https:\/\/www.ernaetiket.com.tr\/wp-content\/uploads\/2026\/04\/uretim5.jpg'><img loading=\"lazy\" decoding=\"async\" width=\"499\" height=\"350\" src=\"https:\/\/www.ernaetiket.com.tr\/wp-content\/uploads\/2026\/04\/uretim5-499x350.jpg\" class=\"attachment-enginery_blog size-enginery_blog\" alt=\"\" \/><\/a>\n\t\t\t<\/dt><\/dl><dl class='gallery-item'>\n\t\t\t<dt class='gallery-icon landscape'>\n\t\t\t\t<a data-elementor-open-lightbox=\"yes\" data-elementor-lightbox-slideshow=\"79419b2\" data-e-action-hash=\"#elementor-action%3Aaction%3Dlightbox%26settings%3DeyJpZCI6Nzk5MCwidXJsIjoiaHR0cHM6XC9cL3d3dy5lcm5hZXRpa2V0LmNvbS50clwvd3AtY29udGVudFwvdXBsb2Fkc1wvMjAyNlwvMDRcL3VyZXRpbXllbmkxLmpwZyIsInNsaWRlc2hvdyI6Ijc5NDE5YjIifQ%3D%3D\" href='https:\/\/www.ernaetiket.com.tr\/wp-content\/uploads\/2026\/04\/uretimyeni1.jpg'><img loading=\"lazy\" decoding=\"async\" width=\"499\" height=\"350\" src=\"https:\/\/www.ernaetiket.com.tr\/wp-content\/uploads\/2026\/04\/uretimyeni1-499x350.jpg\" class=\"attachment-enginery_blog size-enginery_blog\" alt=\"\" \/><\/a>\n\t\t\t<\/dt><\/dl><br style=\"clear: both\" \/><dl class='gallery-item'>\n\t\t\t<dt class='gallery-icon landscape'>\n\t\t\t\t<a data-elementor-open-lightbox=\"yes\" data-elementor-lightbox-slideshow=\"79419b2\" data-e-action-hash=\"#elementor-action%3Aaction%3Dlightbox%26settings%3DeyJpZCI6Nzk5MSwidXJsIjoiaHR0cHM6XC9cL3d3dy5lcm5hZXRpa2V0LmNvbS50clwvd3AtY29udGVudFwvdXBsb2Fkc1wvMjAyNlwvMDRcL3VyZXRpbXllbmkyLmpwZyIsInNsaWRlc2hvdyI6Ijc5NDE5YjIifQ%3D%3D\" href='https:\/\/www.ernaetiket.com.tr\/wp-content\/uploads\/2026\/04\/uretimyeni2.jpg'><img loading=\"lazy\" decoding=\"async\" width=\"499\" height=\"350\" src=\"https:\/\/www.ernaetiket.com.tr\/wp-content\/uploads\/2026\/04\/uretimyeni2-499x350.jpg\" class=\"attachment-enginery_blog size-enginery_blog\" alt=\"\" \/><\/a>\n\t\t\t<\/dt><\/dl><dl class='gallery-item'>\n\t\t\t<dt class='gallery-icon landscape'>\n\t\t\t\t<a data-elementor-open-lightbox=\"yes\" data-elementor-lightbox-slideshow=\"79419b2\" data-e-action-hash=\"#elementor-action%3Aaction%3Dlightbox%26settings%3DeyJpZCI6Nzk5MiwidXJsIjoiaHR0cHM6XC9cL3d3dy5lcm5hZXRpa2V0LmNvbS50clwvd3AtY29udGVudFwvdXBsb2Fkc1wvMjAyNlwvMDRcL3VyZXRpbXllbmkzLmpwZyIsInNsaWRlc2hvdyI6Ijc5NDE5YjIifQ%3D%3D\" href='https:\/\/www.ernaetiket.com.tr\/wp-content\/uploads\/2026\/04\/uretimyeni3.jpg'><img loading=\"lazy\" decoding=\"async\" width=\"499\" height=\"350\" src=\"https:\/\/www.ernaetiket.com.tr\/wp-content\/uploads\/2026\/04\/uretimyeni3-499x350.jpg\" class=\"attachment-enginery_blog size-enginery_blog\" alt=\"\" \/><\/a>\n\t\t\t<\/dt><\/dl>\n\t\t\t<br style='clear: both' \/>\n\t\t<\/div>\n\t\t<\/div>\n\t\t\t\t\t\t<\/div>\n\t\t\t\t\t<\/div>\n\t\t\t\t<\/div>\n\t\t\t\t<\/div>\n\t\t","protected":false},"excerpt":{"rendered":"<div class=\"tmnf_excerpt\"><p>D\u00fcnyan\u0131n lider \u00fcreticilerinden temin etti\u011fimiz wax, wax resin ve resin ribon jumbolar\u0131n\u0131, son teknoloji \u00fcretim hatlar\u0131m\u0131zda hassas kesim s\u00fcre\u00e7lerinden ge\u00e7irerek, talep edilen \u00f6l\u00e7\u00fc ve kalite standartlar\u0131nda haz\u0131rl\u0131yor; g\u00fcvenilir, s\u00fcrd\u00fcr\u00fclebilir ve y\u00fcksek performansl\u0131 \u00e7\u00f6z\u00fcmler olarak m\u00fc\u015fterilerimize sunuyoruz.<\/p>\n<\/div>","protected":false},"author":1,"featured_media":0,"parent":513,"menu_order":0,"comment_status":"closed","ping_status":"closed","template":"template-fullwidth.php","meta":{"footnotes":""},"class_list":["post-7969","page","type-page","status-publish","hentry"],"_links":{"self":[{"href":"https:\/\/www.ernaetiket.com.tr\/index.php?rest_route=\/wp\/v2\/pages\/7969","targetHints":{"allow":["GET"]}}],"collection":[{"href":"https:\/\/www.ernaetiket.com.tr\/index.php?rest_route=\/wp\/v2\/pages"}],"about":[{"href":"https:\/\/www.ernaetiket.com.tr\/index.php?rest_route=\/wp\/v2\/types\/page"}],"author":[{"embeddable":true,"href":"https:\/\/www.ernaetiket.com.tr\/index.php?rest_route=\/wp\/v2\/users\/1"}],"replies":[{"embeddable":true,"href":"https:\/\/www.ernaetiket.com.tr\/index.php?rest_route=%2Fwp%2Fv2%2Fcomments&post=7969"}],"version-history":[{"count":32,"href":"https:\/\/www.ernaetiket.com.tr\/index.php?rest_route=\/wp\/v2\/pages\/7969\/revisions"}],"predecessor-version":[{"id":8021,"href":"https:\/\/www.ernaetiket.com.tr\/index.php?rest_route=\/wp\/v2\/pages\/7969\/revisions\/8021"}],"up":[{"embeddable":true,"href":"https:\/\/www.ernaetiket.com.tr\/index.php?rest_route=\/wp\/v2\/pages\/513"}],"wp:attachment":[{"href":"https:\/\/www.ernaetiket.com.tr\/index.php?rest_route=%2Fwp%2Fv2%2Fmedia&parent=7969"}],"curies":[{"name":"wp","href":"https:\/\/api.w.org\/{rel}","templated":true}]}}